{"id":600,"date":"2020-05-03T15:37:44","date_gmt":"2020-05-03T13:37:44","guid":{"rendered":"http:\/\/djebel.net\/?page_id=600"},"modified":"2020-05-03T16:37:28","modified_gmt":"2020-05-03T14:37:28","slug":"migrants","status":"publish","type":"page","link":"https:\/\/djebel.net\/index.php\/migrants\/","title":{"rendered":"Migrants"},"content":{"rendered":"\n<figure class=\"wp-block-image size-large\"><a href=\"http:\/\/djebel.net\/wp-content\/uploads\/2020\/05\/MigrantsPano-scaled.jpg\"><img decoding=\"async\" loading=\"lazy\" width=\"1024\" height=\"498\" src=\"http:\/\/djebel.net\/wp-content\/uploads\/2020\/05\/MigrantsPano-1024x498.jpg\" alt=\"\" class=\"wp-image-617\" srcset=\"https:\/\/djebel.net\/wp-content\/uploads\/2020\/05\/MigrantsPano-1024x498.jpg 1024w, https:\/\/djebel.net\/wp-content\/uploads\/2020\/05\/MigrantsPano-300x146.jpg 300w, https:\/\/djebel.net\/wp-content\/uploads\/2020\/05\/MigrantsPano-768x373.jpg 768w, https:\/\/djebel.net\/wp-content\/uploads\/2020\/05\/MigrantsPano-1536x747.jpg 1536w, https:\/\/djebel.net\/wp-content\/uploads\/2020\/05\/MigrantsPano-2048x996.jpg 2048w\" sizes=\"(max-width: 1024px) 100vw, 1024px\" \/><\/a><\/figure>\n\n\n\n<div class=\"wp-block-columns is-layout-flex wp-container-3\">\n<div class=\"wp-block-column is-layout-flow\" style=\"flex-basis:50%\">\n<figure class=\"wp-block-video\"><video controls src=\"http:\/\/djebel.net\/wp-content\/uploads\/2020\/05\/BagneresBigorre2.mov\"><\/video><\/figure>\n<\/div>\n\n\n\n<div class=\"wp-block-column is-layout-flow\" style=\"flex-basis:33.33%\">\n<p>Tu es l\u00e0, assis sur ta valise. Tu te demandes si tu dois partir, quitter ce pays qui t\u2019a vu na\u00eetre.<\/p>\n\n\n\n<p>Ce pays, tu l\u2019aimes, c\u2019est la terre de tes anc\u00eatres et pourtant, aujourd\u2019hui, il t\u2019est devenu invivable.<\/p>\n\n\n\n<p>Tu as pris ton baluchon. Tu vas traverser des contr\u00e9es inhospitali\u00e8res, subir toutes les humiliations. Tu donneras, \u00e0 un passeur sans scrupules, le peu d\u2019argent que tu as pu collecter, \u00e9conomies, dons de ta famille ou de tes amis. Tous ceux qui pensent que c\u2019est une chance de partir vers cet eldorado europ\u00e9en.<\/p>\n\n\n\n<p>Tu arrives face \u00e0 un grillage. Terminus ou porte vers une nouvelle vie. Et quelle vie&nbsp;!<\/p>\n\n\n\n<p>Tu sais ce que tu viens de quitter. Un pays et son r\u00e9gime autoritaire. Un pays en guerre r\u00e9duit \u00e0 une guerre civile, ethnique, religieuse. Un pays dont la terre n\u2019est plus capable de te donner le minimum de subsistance. Un pays o\u00f9 tu ne peux plus vivre.<\/p>\n\n\n\n<p>Et quelle vie, maintenant&nbsp;!<\/p>\n\n\n\n<p>Traverser cette mer. Y p\u00e9rir&nbsp;?<\/p>\n\n\n\n<p>Finir dans un centre de r\u00e9tention, dans une \u00ab&nbsp;jungle&nbsp;\u00bb. Y p\u00e9rir&nbsp;?<\/p>\n\n\n\n<p>P\u00e9n\u00e9trer dans ce tunnel. Y p\u00e9rir&nbsp;?<\/p>\n\n\n\n<p>\u2026\u2026..<\/p>\n\n\n\n<p>Djebel, artiste plasticien, n\u2019est pas l\u00e0 pour apporter une r\u00e9ponse, ni m\u00eame une solution.<\/p>\n\n\n\n<p>\u00c0 travers sa s\u00e9rie \u00ab&nbsp;Les migrants&nbsp;\u00bb, il s\u2019interroge sur ce monde, il interroge le monde.<\/p>\n\n\n\n<p>Il se d\u00e9finit, \u2013 et n\u2019est-ce pas le r\u00f4le de tout artiste \u2013, simplement, comme observateur critique, un passeur d\u2019id\u00e9es.<\/p>\n\n\n\n<p>Entam\u00e9e depuis plusieurs ann\u00e9es, la s\u00e9rie \u00ab&nbsp;Les migrants&nbsp;\u00bb renvoie le spectateur \u00e0 ses propres contradictions, \u00e0 ses propres interrogations.<\/p>\n\n\n\n<p>Que voir&nbsp;? Que faire&nbsp;?<\/p>\n\n\n\n<p>Rendre visible l\u2019invisible. Rendre visibles les invisibles.<\/p>\n<\/div>\n<\/div>\n","protected":false},"excerpt":{"rendered":"<p>Tu es l\u00e0, assis sur ta valise. Tu te demandes si tu dois partir, quitter ce pays qui t\u2019a vu na\u00eetre. Ce pays, tu l\u2019aimes, c\u2019est la terre de tes anc\u00eatres et pourtant, aujourd\u2019hui, il t\u2019est devenu invivable. Tu as pris ton baluchon. Tu vas traverser des contr\u00e9es inhospitali\u00e8res, subir toutes les humiliations. Tu donneras, [&hellip;]<\/p>\n","protected":false},"author":2,"featured_media":0,"parent":0,"menu_order":0,"comment_status":"closed","ping_status":"closed","template":"","meta":[],"yoast_head":"<!-- This site is optimized with the Yoast SEO plugin v20.7 - https:\/\/yoast.com\/wordpress\/plugins\/seo\/ -->\n<title>Migrants - Djebel<\/title>\n<meta name=\"robots\" content=\"index, follow, max-snippet:-1, max-image-preview:large, max-video-preview:-1\" \/>\n<link rel=\"canonical\" href=\"https:\/\/djebel.net\/index.php\/migrants\/\" \/>\n<meta property=\"og:locale\" content=\"en_US\" \/>\n<meta property=\"og:type\" content=\"article\" \/>\n<meta property=\"og:title\" content=\"Migrants - Djebel\" \/>\n<meta property=\"og:description\" content=\"Tu es l\u00e0, assis sur ta valise. Tu te demandes si tu dois partir, quitter ce pays qui t\u2019a vu na\u00eetre. Ce pays, tu l\u2019aimes, c\u2019est la terre de tes anc\u00eatres et pourtant, aujourd\u2019hui, il t\u2019est devenu invivable. Tu as pris ton baluchon. Tu vas traverser des contr\u00e9es inhospitali\u00e8res, subir toutes les humiliations. Tu donneras, [&hellip;]\" \/>\n<meta property=\"og:url\" content=\"https:\/\/djebel.net\/index.php\/migrants\/\" \/>\n<meta property=\"og:site_name\" content=\"Djebel\" \/>\n<meta property=\"article:modified_time\" content=\"2020-05-03T14:37:28+00:00\" \/>\n<meta property=\"og:image\" content=\"http:\/\/djebel.net\/wp-content\/uploads\/2020\/05\/MigrantsPano-1024x498.jpg\" \/>\n<meta name=\"twitter:card\" content=\"summary_large_image\" \/>\n<meta name=\"twitter:label1\" content=\"Est. reading time\" \/>\n\t<meta name=\"twitter:data1\" content=\"2 minutes\" \/>\n<script type=\"application\/ld+json\" class=\"yoast-schema-graph\">{\"@context\":\"https:\/\/schema.org\",\"@graph\":[{\"@type\":\"WebPage\",\"@id\":\"https:\/\/djebel.net\/index.php\/migrants\/\",\"url\":\"https:\/\/djebel.net\/index.php\/migrants\/\",\"name\":\"Migrants - Djebel\",\"isPartOf\":{\"@id\":\"https:\/\/djebel.net\/#website\"},\"datePublished\":\"2020-05-03T13:37:44+00:00\",\"dateModified\":\"2020-05-03T14:37:28+00:00\",\"breadcrumb\":{\"@id\":\"https:\/\/djebel.net\/index.php\/migrants\/#breadcrumb\"},\"inLanguage\":\"en-US\",\"potentialAction\":[{\"@type\":\"ReadAction\",\"target\":[\"https:\/\/djebel.net\/index.php\/migrants\/\"]}]},{\"@type\":\"BreadcrumbList\",\"@id\":\"https:\/\/djebel.net\/index.php\/migrants\/#breadcrumb\",\"itemListElement\":[{\"@type\":\"ListItem\",\"position\":1,\"name\":\"Accueil\",\"item\":\"https:\/\/djebel.net\/\"},{\"@type\":\"ListItem\",\"position\":2,\"name\":\"Migrants\"}]},{\"@type\":\"WebSite\",\"@id\":\"https:\/\/djebel.net\/#website\",\"url\":\"https:\/\/djebel.net\/\",\"name\":\"Djebel\",\"description\":\"\",\"publisher\":{\"@id\":\"https:\/\/djebel.net\/#organization\"},\"potentialAction\":[{\"@type\":\"SearchAction\",\"target\":{\"@type\":\"EntryPoint\",\"urlTemplate\":\"https:\/\/djebel.net\/?s={search_term_string}\"},\"query-input\":\"required name=search_term_string\"}],\"inLanguage\":\"en-US\"},{\"@type\":\"Organization\",\"@id\":\"https:\/\/djebel.net\/#organization\",\"name\":\"Djebel\",\"url\":\"https:\/\/djebel.net\/\",\"logo\":{\"@type\":\"ImageObject\",\"inLanguage\":\"en-US\",\"@id\":\"https:\/\/djebel.net\/#\/schema\/logo\/image\/\",\"url\":\"https:\/\/djebel.net\/wp-content\/uploads\/2020\/04\/DjebelLogo.jpg\",\"contentUrl\":\"https:\/\/djebel.net\/wp-content\/uploads\/2020\/04\/DjebelLogo.jpg\",\"width\":1933,\"height\":570,\"caption\":\"Djebel\"},\"image\":{\"@id\":\"https:\/\/djebel.net\/#\/schema\/logo\/image\/\"}}]}<\/script>\n<!-- \/ Yoast SEO plugin. -->","yoast_head_json":{"title":"Migrants - Djebel","robots":{"index":"index","follow":"follow","max-snippet":"max-snippet:-1","max-image-preview":"max-image-preview:large","max-video-preview":"max-video-preview:-1"},"canonical":"https:\/\/djebel.net\/index.php\/migrants\/","og_locale":"en_US","og_type":"article","og_title":"Migrants - Djebel","og_description":"Tu es l\u00e0, assis sur ta valise. Tu te demandes si tu dois partir, quitter ce pays qui t\u2019a vu na\u00eetre. Ce pays, tu l\u2019aimes, c\u2019est la terre de tes anc\u00eatres et pourtant, aujourd\u2019hui, il t\u2019est devenu invivable. Tu as pris ton baluchon. Tu vas traverser des contr\u00e9es inhospitali\u00e8res, subir toutes les humiliations. Tu donneras, [&hellip;]","og_url":"https:\/\/djebel.net\/index.php\/migrants\/","og_site_name":"Djebel","article_modified_time":"2020-05-03T14:37:28+00:00","og_image":[{"url":"http:\/\/djebel.net\/wp-content\/uploads\/2020\/05\/MigrantsPano-1024x498.jpg"}],"twitter_card":"summary_large_image","twitter_misc":{"Est. reading time":"2 minutes"},"schema":{"@context":"https:\/\/schema.org","@graph":[{"@type":"WebPage","@id":"https:\/\/djebel.net\/index.php\/migrants\/","url":"https:\/\/djebel.net\/index.php\/migrants\/","name":"Migrants - Djebel","isPartOf":{"@id":"https:\/\/djebel.net\/#website"},"datePublished":"2020-05-03T13:37:44+00:00","dateModified":"2020-05-03T14:37:28+00:00","breadcrumb":{"@id":"https:\/\/djebel.net\/index.php\/migrants\/#breadcrumb"},"inLanguage":"en-US","potentialAction":[{"@type":"ReadAction","target":["https:\/\/djebel.net\/index.php\/migrants\/"]}]},{"@type":"BreadcrumbList","@id":"https:\/\/djebel.net\/index.php\/migrants\/#breadcrumb","itemListElement":[{"@type":"ListItem","position":1,"name":"Accueil","item":"https:\/\/djebel.net\/"},{"@type":"ListItem","position":2,"name":"Migrants"}]},{"@type":"WebSite","@id":"https:\/\/djebel.net\/#website","url":"https:\/\/djebel.net\/","name":"Djebel","description":"","publisher":{"@id":"https:\/\/djebel.net\/#organization"},"potentialAction":[{"@type":"SearchAction","target":{"@type":"EntryPoint","urlTemplate":"https:\/\/djebel.net\/?s={search_term_string}"},"query-input":"required name=search_term_string"}],"inLanguage":"en-US"},{"@type":"Organization","@id":"https:\/\/djebel.net\/#organization","name":"Djebel","url":"https:\/\/djebel.net\/","logo":{"@type":"ImageObject","inLanguage":"en-US","@id":"https:\/\/djebel.net\/#\/schema\/logo\/image\/","url":"https:\/\/djebel.net\/wp-content\/uploads\/2020\/04\/DjebelLogo.jpg","contentUrl":"https:\/\/djebel.net\/wp-content\/uploads\/2020\/04\/DjebelLogo.jpg","width":1933,"height":570,"caption":"Djebel"},"image":{"@id":"https:\/\/djebel.net\/#\/schema\/logo\/image\/"}}]}},"_links":{"self":[{"href":"https:\/\/djebel.net\/index.php\/wp-json\/wp\/v2\/pages\/600"}],"collection":[{"href":"https:\/\/djebel.net\/index.php\/wp-json\/wp\/v2\/pages"}],"about":[{"href":"https:\/\/djebel.net\/index.php\/wp-json\/wp\/v2\/types\/page"}],"author":[{"embeddable":true,"href":"https:\/\/djebel.net\/index.php\/wp-json\/wp\/v2\/users\/2"}],"replies":[{"embeddable":true,"href":"https:\/\/djebel.net\/index.php\/wp-json\/wp\/v2\/comments?post=600"}],"version-history":[{"count":14,"href":"https:\/\/djebel.net\/index.php\/wp-json\/wp\/v2\/pages\/600\/revisions"}],"predecessor-version":[{"id":626,"href":"https:\/\/djebel.net\/index.php\/wp-json\/wp\/v2\/pages\/600\/revisions\/626"}],"wp:attachment":[{"href":"https:\/\/djebel.net\/index.php\/wp-json\/wp\/v2\/media?parent=600"}],"curies":[{"name":"wp","href":"https:\/\/api.w.org\/{rel}","templated":true}]}}